{"id":132,"date":"2016-04-28T13:55:27","date_gmt":"2016-04-28T12:55:27","guid":{"rendered":"https:\/\/aduanasantos.com\/?page_id=132"},"modified":"2024-01-15T18:20:07","modified_gmt":"2024-01-15T18:20:07","slug":"services","status":"publish","type":"page","link":"https:\/\/aduanasantos.com\/?page_id=132","title":{"rendered":"Servicios"},"content":{"rendered":"<p>[vc_row type=&#8221;in_container&#8221; bg_parallax=&#8221;&#8221; color_overlay=&#8221;&#8221; vu_equal_height_columns=&#8221;&#8221; row_id=&#8221;&#8221; el_class=&#8221;&#8221;][vc_column vu_vertical_align=&#8221;middle&#8221; width=&#8221;1\/3&#8243;]\t\t<header class=\"vu_heading vu_h-alignment-left m-t-0\">\r\n\t\t\t<h2 class=\"vu_h-heading m-b-0\">Nuestros Servicios<\/h2>\r\n\r\n\t\t\t\t\t<\/header>\r\n\t[\/vc_column][vc_column vu_vertical_align=&#8221;middle&#8221; width=&#8221;2\/3&#8243;][vc_column_text]Durante los \u00faltimos 21 a\u00f1os, hemos estado nacionalizando env\u00edos de carga para empresas de todos los tama\u00f1os, nuestra principal tarea ha sido conformar un equipo humano comprometido y con basta experiencia; lo que nos permite ofrecer a nuestros clientes no s\u00f3lo la asesor\u00eda necesaria, sino tambi\u00e9n un servicio de calidad para todo tipo de tr\u00e1mite aduanal.[\/vc_column_text][\/vc_column][\/vc_row][vc_row type=&#8221;in_container&#8221; bg_parallax=&#8221;&#8221; color_overlay=&#8221;&#8221; vu_equal_height_columns=&#8221;&#8221; row_id=&#8221;&#8221; el_class=&#8221;&#8221;][vc_column vu_vertical_align=&#8221;middle&#8221; width=&#8221;1\/3&#8243;]\t\t<div class=\"vu_image-box clearfix\">\r\n\t\t\t<div class=\"vu_ib-image\">\r\n\t\t\t\t<img loading=\"lazy\" decoding=\"async\" width=\"800\" height=\"400\" src=\"https:\/\/aduanasantos.com\/wp-content\/uploads\/2022\/01\/as1-min-800x400.jpg\" class=\"attachment-transpress_ratio-2:1 size-transpress_ratio-2:1\" alt=\"\" \/>\t\t\t<\/div>\r\n\r\n\t\t\t<div class=\"vu_ib-content\">\r\n\t\t\t\t<h4 class=\"vu_ib-title\">\r\n\t\t\t\t\tTramites de Importaciones\t\t\t\t<\/h4>\r\n\r\n\t\t\t\t<div class=\"vu_ib-description\"><p>es el r\u00e9gimen aduanero que consiste en introducir legalmente al territorio aduanero de la Rep\u00fablica productos procedentes del exterior o de una zona o puertos libres debidamente establecidos en Panam\u00e1.<\/p>\n<\/div>\r\n\t\t\t\t\t\t\t<\/div>\r\n\t\t<\/div>\r\n\t[\/vc_column][vc_column vu_vertical_align=&#8221;middle&#8221; width=&#8221;1\/3&#8243;]\t\t<div class=\"vu_image-box clearfix\">\r\n\t\t\t<div class=\"vu_ib-image\">\r\n\t\t\t\t<img loading=\"lazy\" decoding=\"async\" width=\"800\" height=\"400\" src=\"https:\/\/aduanasantos.com\/wp-content\/uploads\/2022\/03\/exportaciones-800x400.webp\" class=\"attachment-transpress_ratio-2:1 size-transpress_ratio-2:1\" alt=\"\" \/>\t\t\t<\/div>\r\n\r\n\t\t\t<div class=\"vu_ib-content\">\r\n\t\t\t\t<h4 class=\"vu_ib-title\">\r\n\t\t\t\t\tTramites de Exportaciones\t\t\t\t<\/h4>\r\n\r\n\t\t\t\t<div class=\"vu_ib-description\"><p>Tramitamos todo bien o servicios para env\u00edos fuera del territorio nacional.<\/p>\n<\/div>\r\n\t\t\t\t\t\t\t<\/div>\r\n\t\t<\/div>\r\n\t[\/vc_column][vc_column vu_vertical_align=&#8221;middle&#8221; width=&#8221;1\/3&#8243;]\t\t<div class=\"vu_image-box clearfix\">\r\n\t\t\t<div class=\"vu_ib-image\">\r\n\t\t\t\t<img loading=\"lazy\" decoding=\"async\" width=\"800\" height=\"400\" src=\"https:\/\/aduanasantos.com\/wp-content\/uploads\/2022\/03\/depositos-de-garantia-800x400.jpg\" class=\"attachment-transpress_ratio-2:1 size-transpress_ratio-2:1\" alt=\"\" \/>\t\t\t<\/div>\r\n\r\n\t\t\t<div class=\"vu_ib-content\">\r\n\t\t\t\t<h4 class=\"vu_ib-title\">\r\n\t\t\t\t\tDepositos de Garantia\t\t\t\t<\/h4>\r\n\r\n\t\t\t\t<div class=\"vu_ib-description\"><p>Introducimos al territorio fiscal mercanc\u00edas con suspensi\u00f3n de pago de los impuestos de Aduanas, de forma temporal o definitiva, hasta tanto se culmine el tr\u00e1mite; el mismo tiene un plazo de 30 d\u00edas para su cancelaci\u00f3n.<\/p>\n<\/div>\r\n\t\t\t\t\t\t\t<\/div>\r\n\t\t<\/div>\r\n\t[\/vc_column][\/vc_row][vc_row type=&#8221;in_container&#8221; bg_parallax=&#8221;&#8221; color_overlay=&#8221;&#8221; vu_equal_height_columns=&#8221;&#8221; row_id=&#8221;&#8221; el_class=&#8221;&#8221;][vc_column vu_vertical_align=&#8221;middle&#8221; width=&#8221;1\/3&#8243;]\t\t<div class=\"vu_image-box clearfix\">\r\n\t\t\t<div class=\"vu_ib-image\">\r\n\t\t\t\t<img loading=\"lazy\" decoding=\"async\" width=\"800\" height=\"400\" src=\"https:\/\/aduanasantos.com\/wp-content\/uploads\/2022\/03\/expocomer1-800x400.jpeg\" class=\"attachment-transpress_ratio-2:1 size-transpress_ratio-2:1\" alt=\"\" \/>\t\t\t<\/div>\r\n\r\n\t\t\t<div class=\"vu_ib-content\">\r\n\t\t\t\t<h4 class=\"vu_ib-title\">\r\n\t\t\t\t\tFERIAS\t\t\t\t<\/h4>\r\n\r\n\t\t\t\t<div class=\"vu_ib-description\"><p>From planning to delivery, we\u2019ll coordinate your truckload shipments every step.<\/p>\n<\/div>\r\n\t\t\t\t\t\t\t<\/div>\r\n\t\t<\/div>\r\n\t[\/vc_column][vc_column vu_vertical_align=&#8221;middle&#8221; width=&#8221;1\/3&#8243;]\t\t<div class=\"vu_image-box clearfix\">\r\n\t\t\t<div class=\"vu_ib-image\">\r\n\t\t\t\t<img loading=\"lazy\" decoding=\"async\" width=\"800\" height=\"400\" src=\"https:\/\/aduanasantos.com\/wp-content\/uploads\/2022\/03\/temporal-800x400.jpg\" class=\"attachment-transpress_ratio-2:1 size-transpress_ratio-2:1\" alt=\"\" \/>\t\t\t<\/div>\r\n\r\n\t\t\t<div class=\"vu_ib-content\">\r\n\t\t\t\t<h4 class=\"vu_ib-title\">\r\n\t\t\t\t\tImportaciones Temporales\t\t\t\t<\/h4>\r\n\r\n\t\t\t\t<div class=\"vu_ib-description\"><p>Ingreso al territorio aduanero con suspensi\u00f3n de tributos, de mercanc\u00edas procedentes del exterior, destinadas a ser reexportadas, despu\u00e9s de someterse a un proceso de transformaci\u00f3n, elaboraci\u00f3n, reparaci\u00f3n u otro legalmente autorizado por la Administraci\u00f3n Regional de Aduanas correspondiente.<\/p>\n<\/div>\r\n\t\t\t\t\t\t\t<\/div>\r\n\t\t<\/div>\r\n\t[\/vc_column][vc_column vu_vertical_align=&#8221;middle&#8221; width=&#8221;1\/3&#8243;]\t\t<div class=\"vu_image-box clearfix\">\r\n\t\t\t<div class=\"vu_ib-image\">\r\n\t\t\t\t<img loading=\"lazy\" decoding=\"async\" width=\"800\" height=\"400\" src=\"https:\/\/aduanasantos.com\/wp-content\/uploads\/2022\/03\/exone-800x400.jpg\" class=\"attachment-transpress_ratio-2:1 size-transpress_ratio-2:1\" alt=\"\" \/>\t\t\t<\/div>\r\n\r\n\t\t\t<div class=\"vu_ib-content\">\r\n\t\t\t\t<h4 class=\"vu_ib-title\">\r\n\t\t\t\t\tExoneraciones\t\t\t\t<\/h4>\r\n\r\n\t\t\t\t<div class=\"vu_ib-description\"><p>dispensamos total o parcial del pago la obligaci\u00f3n tributaria, concedida por el Poder Ejecutivo en los casos autorizados por la ley.<\/p>\n<\/div>\r\n\t\t\t\t\t\t\t<\/div>\r\n\t\t<\/div>\r\n\t[\/vc_column][\/vc_row][vc_row type=&#8221;in_container&#8221; bg_parallax=&#8221;&#8221; color_overlay=&#8221;&#8221; vu_equal_height_columns=&#8221;&#8221; row_id=&#8221;&#8221; el_class=&#8221;&#8221;][vc_column vu_vertical_align=&#8221;middle&#8221; width=&#8221;1\/3&#8243;]\t\t<div class=\"vu_image-box clearfix\">\r\n\t\t\t<div class=\"vu_ib-image\">\r\n\t\t\t\t<img loading=\"lazy\" decoding=\"async\" width=\"800\" height=\"400\" src=\"https:\/\/aduanasantos.com\/wp-content\/uploads\/2022\/03\/dmc-y-traslados-800x400.webp\" class=\"attachment-transpress_ratio-2:1 size-transpress_ratio-2:1\" alt=\"\" srcset=\"https:\/\/aduanasantos.com\/wp-content\/uploads\/2022\/03\/dmc-y-traslados-800x400.webp 800w, https:\/\/aduanasantos.com\/wp-content\/uploads\/2022\/03\/dmc-y-traslados-300x150.webp 300w, https:\/\/aduanasantos.com\/wp-content\/uploads\/2022\/03\/dmc-y-traslados-1024x512.webp 1024w, https:\/\/aduanasantos.com\/wp-content\/uploads\/2022\/03\/dmc-y-traslados-768x384.webp 768w, https:\/\/aduanasantos.com\/wp-content\/uploads\/2022\/03\/dmc-y-traslados-500x250.webp 500w, https:\/\/aduanasantos.com\/wp-content\/uploads\/2022\/03\/dmc-y-traslados-700x350.webp 700w, https:\/\/aduanasantos.com\/wp-content\/uploads\/2022\/03\/dmc-y-traslados.webp 1060w\" sizes=\"auto, (max-width: 800px) 100vw, 800px\" \/>\t\t\t<\/div>\r\n\r\n\t\t\t<div class=\"vu_ib-content\">\r\n\t\t\t\t<h4 class=\"vu_ib-title\">\r\n\t\t\t\t\tTramites de DMC y Traslados\t\t\t\t<\/h4>\r\n\r\n\t\t\t\t<div class=\"vu_ib-description\"><p>From planning to delivery, we\u2019ll coordinate your truckload shipments every step.<\/p>\n<\/div>\r\n\t\t\t\t\t\t\t<\/div>\r\n\t\t<\/div>\r\n\t[\/vc_column][vc_column vu_vertical_align=&#8221;middle&#8221; width=&#8221;1\/3&#8243;]\t\t<div class=\"vu_image-box clearfix\">\r\n\t\t\t<div class=\"vu_ib-image\">\r\n\t\t\t\t<img loading=\"lazy\" decoding=\"async\" width=\"800\" height=\"400\" src=\"https:\/\/aduanasantos.com\/wp-content\/uploads\/2022\/03\/asesoria-800x400.jpg\" class=\"attachment-transpress_ratio-2:1 size-transpress_ratio-2:1\" alt=\"\" \/>\t\t\t<\/div>\r\n\r\n\t\t\t<div class=\"vu_ib-content\">\r\n\t\t\t\t<h4 class=\"vu_ib-title\">\r\n\t\t\t\t\tAsesor\u00eda Log\u00edstica\t\t\t\t<\/h4>\r\n\r\n\t\t\t\t<div class=\"vu_ib-description\"><p>Nos caracterizamos en ofrecer la mejor asesor\u00eda de acuerdo con las necesidades de nuestros clientes.<\/p>\n<\/div>\r\n\t\t\t\t\t\t\t<\/div>\r\n\t\t<\/div>\r\n\t[\/vc_column][vc_column vu_vertical_align=&#8221;middle&#8221; width=&#8221;1\/3&#8243;]\t\t<div class=\"vu_image-box clearfix\">\r\n\t\t\t<div class=\"vu_ib-image\">\r\n\t\t\t\t<img loading=\"lazy\" decoding=\"async\" width=\"800\" height=\"400\" src=\"https:\/\/aduanasantos.com\/wp-content\/uploads\/2022\/03\/refrigerado-800x400.jpg\" class=\"attachment-transpress_ratio-2:1 size-transpress_ratio-2:1\" alt=\"\" \/>\t\t\t<\/div>\r\n\r\n\t\t\t<div class=\"vu_ib-content\">\r\n\t\t\t\t<h4 class=\"vu_ib-title\">\r\n\t\t\t\t\tTransporte Refrigerado y Seco\t\t\t\t<\/h4>\r\n\r\n\t\t\t\t<div class=\"vu_ib-description\"><p>Brindamos el mejor servicio para nuestros clientes, ya que contamos con Transporte propio y personal capacitado para brindarle la mejor atenci\u00f3n.<\/p>\n<\/div>\r\n\t\t\t\t\t\t\t<\/div>\r\n\t\t<\/div>\r\n\t[\/vc_column][\/vc_row][vc_row type=&#8221;in_container&#8221; bg_parallax=&#8221;&#8221; color_overlay=&#8221;&#8221; vu_equal_height_columns=&#8221;&#8221; row_id=&#8221;&#8221; el_class=&#8221;&#8221;][vc_column vu_vertical_align=&#8221;middle&#8221; width=&#8221;1\/3&#8243;]\t\t<div class=\"vu_image-box clearfix\">\r\n\t\t\t<div class=\"vu_ib-image\">\r\n\t\t\t\t<img loading=\"lazy\" decoding=\"async\" width=\"800\" height=\"400\" src=\"https:\/\/aduanasantos.com\/wp-content\/uploads\/2022\/03\/finaciamiento-800x400.jpg\" class=\"attachment-transpress_ratio-2:1 size-transpress_ratio-2:1\" alt=\"\" \/>\t\t\t<\/div>\r\n\r\n\t\t\t<div class=\"vu_ib-content\">\r\n\t\t\t\t<h4 class=\"vu_ib-title\">\r\n\t\t\t\t\tFinanciamiento o Pago de sus Impuestos\t\t\t\t<\/h4>\r\n\r\n\t\t\t\t<div class=\"vu_ib-description\"><p>Contamos con la mejor rapidez en el pago de sus impuestos.<\/p>\n<\/div>\r\n\t\t\t\t\t\t\t<\/div>\r\n\t\t<\/div>\r\n\t[\/vc_column][vc_column vu_vertical_align=&#8221;middle&#8221; width=&#8221;1\/3&#8243;]\t\t<div class=\"vu_image-box clearfix\">\r\n\t\t\t<div class=\"vu_ib-image\">\r\n\t\t\t\t<img loading=\"lazy\" decoding=\"async\" width=\"800\" height=\"400\" src=\"https:\/\/aduanasantos.com\/wp-content\/uploads\/2022\/03\/almacenamiento-800x400.jpg\" class=\"attachment-transpress_ratio-2:1 size-transpress_ratio-2:1\" alt=\"\" \/>\t\t\t<\/div>\r\n\r\n\t\t\t<div class=\"vu_ib-content\">\r\n\t\t\t\t<h4 class=\"vu_ib-title\">\r\n\t\t\t\t\tAlmacenamiento\t\t\t\t<\/h4>\r\n\r\n\t\t\t\t<div class=\"vu_ib-description\"><p>Nuestras bodegas cuentan con los mejores standard de Almacenamiento de mercanc\u00edas (Seca, Controlada y Refrigeradas)<\/p>\n<\/div>\r\n\t\t\t\t\t\t\t<\/div>\r\n\t\t<\/div>\r\n\t[\/vc_column][vc_column vu_vertical_align=&#8221;middle&#8221; width=&#8221;1\/3&#8243;]\t\t<div class=\"vu_image-box clearfix vu_with-bg vu_custom_0001\">\r\n\t\t\t<div class=\"vu_ib-image\">\r\n\t\t\t\t\t\t\t<\/div>\r\n\r\n\t\t\t<div class=\"vu_ib-content\">\r\n\t\t\t\t<h4 class=\"vu_ib-title\">\r\n\t\t\t\t\tLog\u00edstica &amp; Tecnolog\u00eda\t\t\t\t<\/h4>\r\n\r\n\t\t\t\t<div class=\"vu_ib-description\"><p>In the fast-paced and overwhelming world of logistics, you need a partner who is flexible and poised to support your constantly evolving needs.<\/p>\n<p>On top of our freight shipping services, we also offer transportation management software, logistics consulting, warehousing, and a wide range of other logistics services.<\/p>\n<\/div>\r\n\t\t\t\t\t\t\t<\/div>\r\n\t\t<\/div>\r\n\t[\/vc_column][\/vc_row]<\/p>\n","protected":false},"excerpt":{"rendered":"<p>[vc_row type=&#8221;in_container&#8221; bg_parallax=&#8221;&#8221; color_overlay=&#8221;&#8221; vu_equal_height_columns=&#8221;&#8221; row_id=&#8221;&#8221; el_class=&#8221;&#8221;][vc_column vu_vertical_align=&#8221;middle&#8221; width=&#8221;1\/3&#8243;][\/vc_column][vc_column vu_vertical_align=&#8221;middle&#8221; width=&#8221;2\/3&#8243;][vc_column_text]Durante los \u00faltimos 21 a\u00f1os, hemos estado nacionalizando env\u00edos de carga para empresas de todos los tama\u00f1os, nuestra principal tarea ha sido conformar un equipo humano comprometido y con basta experiencia; lo que nos permite ofrecer a nuestros clientes no s\u00f3lo la asesor\u00eda necesaria, sino [&hellip;]<\/p>\n","protected":false},"author":1,"featured_media":0,"parent":0,"menu_order":0,"comment_status":"closed","ping_status":"closed","template":"","meta":{"footnotes":""},"class_list":["post-132","page","type-page","status-publish","hentry"],"_links":{"self":[{"href":"https:\/\/aduanasantos.com\/index.php?rest_route=\/wp\/v2\/pages\/132","targetHints":{"allow":["GET"]}}],"collection":[{"href":"https:\/\/aduanasantos.com\/index.php?rest_route=\/wp\/v2\/pages"}],"about":[{"href":"https:\/\/aduanasantos.com\/index.php?rest_route=\/wp\/v2\/types\/page"}],"author":[{"embeddable":true,"href":"https:\/\/aduanasantos.com\/index.php?rest_route=\/wp\/v2\/users\/1"}],"replies":[{"embeddable":true,"href":"https:\/\/aduanasantos.com\/index.php?rest_route=%2Fwp%2Fv2%2Fcomments&post=132"}],"version-history":[{"count":41,"href":"https:\/\/aduanasantos.com\/index.php?rest_route=\/wp\/v2\/pages\/132\/revisions"}],"predecessor-version":[{"id":1383,"href":"https:\/\/aduanasantos.com\/index.php?rest_route=\/wp\/v2\/pages\/132\/revisions\/1383"}],"wp:attachment":[{"href":"https:\/\/aduanasantos.com\/index.php?rest_route=%2Fwp%2Fv2%2Fmedia&parent=132"}],"curies":[{"name":"wp","href":"https:\/\/api.w.org\/{rel}","templated":true}]}}