{"id":113,"date":"2016-04-28T10:48:55","date_gmt":"2016-04-28T09:48:55","guid":{"rendered":"https:\/\/aduanasantos.com\/?page_id=113"},"modified":"2022-03-15T17:48:48","modified_gmt":"2022-03-15T17:48:48","slug":"company","status":"publish","type":"page","link":"https:\/\/aduanasantos.com\/?page_id=113","title":{"rendered":"Company"},"content":{"rendered":"<p>[vc_row type=&#8221;in_container&#8221; bg_parallax=&#8221;&#8221; color_overlay=&#8221;&#8221; vu_equal_height_columns=&#8221;&#8221; row_id=&#8221;&#8221; el_class=&#8221;&#8221;][vc_column vu_vertical_align=&#8221;middle&#8221; width=&#8221;1\/2&#8243;]\t\t<div class=\"vu_image-slider vu_is-navigation-none vu_is-pagination-none vu_carousel\" data-options=\"{&quot;singleItem&quot;:true,&quot;autoHeight&quot;:true,&quot;items&quot;:1,&quot;autoPlay&quot;:3000,&quot;stopOnHover&quot;:true,&quot;navigation&quot;:false,&quot;navigationText&quot;:[&quot;&lt;i class=\\&quot;fa fa-angle-left\\&quot;&gt;&lt;\\\/i&gt;&quot;,&quot;&lt;i class=\\&quot;fa fa-angle-right\\&quot;&gt;&lt;\\\/i&gt;&quot;],&quot;rewindNav&quot;:true,&quot;scrollPerPage&quot;:true,&quot;pagination&quot;:false,&quot;paginationNumbers&quot;:false}\" data-delegate=\"a.vu_is-lightbox\">\r\n\t\t\t<div class=\"vu_is-item\"><figure class=\"vu_is-i-figure\"><img loading=\"lazy\" decoding=\"async\" width=\"800\" height=\"450\" src=\"https:\/\/aduanasantos.com\/wp-content\/uploads\/2022\/03\/IMG_20180810_120004-800x450.jpg\" class=\"attachment-transpress_ratio-16:9 size-transpress_ratio-16:9\" alt=\"ADUANA SANTOS\" \/><\/figure><\/div>\t\t<\/div>\r\n\t[\/vc_column][vc_column vu_vertical_align=&#8221;middle&#8221; width=&#8221;1\/2&#8243;]\t\t<div class=\"vu_video-section vu_lazy-load\" data-img=\"https:\/\/aduanasantos.com\/wp-content\/uploads\/2021\/12\/wilberto.jpg\">\r\n\t\t\t<div class=\"vu_vs-inner embed-responsive embed-responsive-16by9\">\r\n\t\t\t\t<a href=\"https:\/\/www.youtube.com\/watch?v=Dn8if_2DNzk\" class=\"vu_vs-play vu_lightbox\" data-type=\"iframe\"><i class=\"fa fa-play\"><\/i><\/a>\r\n\r\n\t\t\t\t\r\n\t\t\t\t\t\t\t<\/div>\r\n\t\t<\/div>\r\n\t[\/vc_column][\/vc_row][vc_row type=&#8221;in_container&#8221; bg_parallax=&#8221;&#8221; color_overlay=&#8221;&#8221; vu_equal_height_columns=&#8221;&#8221; row_id=&#8221;&#8221; el_class=&#8221;&#8221;][vc_column vu_vertical_align=&#8221;middle&#8221;]\t\t<header class=\"vu_heading vu_h-alignment-left m-t-10\">\r\n\t\t\t<h2 class=\"vu_h-heading m-b-0\">Mission &amp; Vision<\/h2>\r\n\r\n\t\t\t\t\t<\/header>\r\n\t[vc_column_text]Ofrecer a nuestros clientes soluciones log\u00edsticas r\u00e1pidas, eficaces y de manera permanente que le permitan el acceso a sus cargas en el menor tiempo posible. Poniendo a su disposici\u00f3n todas las herramientas que nuestra compa\u00f1\u00eda ofrece.<\/p>\n<p>Consolidarnos en el mercado nacional e internacional como los n\u00famero uno para el desaduanaje de mercanc\u00edas en Panam\u00e1, con la potencia y conocimiento de un equipo profesionales y los valores de una empresa familiar.[\/vc_column_text][\/vc_column][\/vc_row][vc_row type=&#8221;in_container&#8221; bg_parallax=&#8221;&#8221; color_overlay=&#8221;&#8221; vu_equal_height_columns=&#8221;&#8221; row_id=&#8221;&#8221; el_class=&#8221;&#8221;][vc_column vu_vertical_align=&#8221;middle&#8221; width=&#8221;1\/2&#8243;]\t\t\t<div class=\"vu_icon-box clearfix vu_ib-size-small vu_ib-position-left vu_ib-style-circle\">\r\n\t\t\t\t<span class=\"vu_ib-icon\"><i class=\"fas fa-users\"><\/i><\/span>\r\n\t\t\t\t<div class=\"vu_ib-content\">\r\n\t\t\t\t\t<h5 class=\"vu_ib-title\"><a href=\"#\" title=\"\" target=\"_self\">Capital Humano<\/a><\/h5>\t\t\t\t\t<div class=\"vu_ib-description\"><p>M\u00e1s de 30 tramitadores altamente capacitados.<\/p>\n<\/div>\t\t\t\t<\/div>\r\n\t\t\t<\/div>\r\n\t\t[\/vc_column][vc_column vu_vertical_align=&#8221;middle&#8221; width=&#8221;1\/2&#8243;]\t\t\t<div class=\"vu_icon-box clearfix vu_ib-size-small vu_ib-position-left vu_ib-style-circle\">\r\n\t\t\t\t<span class=\"vu_ib-icon\"><i class=\"fas fa-stopwatch\"><\/i><\/span>\r\n\t\t\t\t<div class=\"vu_ib-content\">\r\n\t\t\t\t\t<h5 class=\"vu_ib-title\"><a href=\"#\" title=\"\" target=\"_self\">Rapidez<\/a><\/h5>\t\t\t\t\t<div class=\"vu_ib-description\"><p>Todos los procesos creados para acortar el tiempo<\/p>\n<\/div>\t\t\t\t<\/div>\r\n\t\t\t<\/div>\r\n\t\t[\/vc_column][\/vc_row][vc_row type=&#8221;in_container&#8221; bg_parallax=&#8221;&#8221; color_overlay=&#8221;&#8221; vu_equal_height_columns=&#8221;&#8221; row_id=&#8221;&#8221; el_class=&#8221;&#8221;][vc_column vu_vertical_align=&#8221;middle&#8221; width=&#8221;1\/2&#8243;]\t\t\t<div class=\"vu_icon-box clearfix vu_ib-size-small vu_ib-position-left vu_ib-style-circle\">\r\n\t\t\t\t<span class=\"vu_ib-icon\"><i class=\"fas fa-desktop\"><\/i><\/span>\r\n\t\t\t\t<div class=\"vu_ib-content\">\r\n\t\t\t\t\t<h5 class=\"vu_ib-title\"><a href=\"#\" title=\"\" target=\"_self\">Tecnolog\u00eda<\/a><\/h5>\t\t\t\t\t<div class=\"vu_ib-description\"><p>CRM para la interacci\u00f3n con el cliente.<\/p>\n<\/div>\t\t\t\t<\/div>\r\n\t\t\t<\/div>\r\n\t\t[\/vc_column][vc_column vu_vertical_align=&#8221;middle&#8221; width=&#8221;1\/2&#8243;]\t\t\t<div class=\"vu_icon-box clearfix vu_ib-size-small vu_ib-position-left vu_ib-style-circle\">\r\n\t\t\t\t<span class=\"vu_ib-icon\"><i class=\"fas fa-truck-moving\"><\/i><\/span>\r\n\t\t\t\t<div class=\"vu_ib-content\">\r\n\t\t\t\t\t<h5 class=\"vu_ib-title\"><a href=\"#\" title=\"\" target=\"_self\">Transporte<\/a><\/h5>\t\t\t\t\t<div class=\"vu_ib-description\"><p>Flota propia para transporte y acarreo.<\/p>\n<\/div>\t\t\t\t<\/div>\r\n\t\t\t<\/div>\r\n\t\t[\/vc_column][\/vc_row][vc_row type=&#8221;in_container&#8221; bg_parallax=&#8221;&#8221; color_overlay=&#8221;&#8221; vu_equal_height_columns=&#8221;&#8221; row_id=&#8221;&#8221; el_class=&#8221;&#8221;][vc_column vu_vertical_align=&#8221;middle&#8221; width=&#8221;1\/2&#8243;]\t\t\t<div class=\"vu_icon-box clearfix vu_ib-size-small vu_ib-position-left vu_ib-style-circle\">\r\n\t\t\t\t<span class=\"vu_ib-icon\"><i class=\"fas fa-puzzle-piece\"><\/i><\/span>\r\n\t\t\t\t<div class=\"vu_ib-content\">\r\n\t\t\t\t\t<h5 class=\"vu_ib-title\"><a href=\"#\" title=\"\" target=\"_self\">Personalizaci\u00f3n<\/a><\/h5>\t\t\t\t\t<div class=\"vu_ib-description\"><p>Servicio In-House seg\u00fan solicitud del cliente<\/p>\n<\/div>\t\t\t\t<\/div>\r\n\t\t\t<\/div>\r\n\t\t[\/vc_column][vc_column vu_vertical_align=&#8221;middle&#8221; width=&#8221;1\/2&#8243;]\t\t\t<div class=\"vu_icon-box clearfix vu_ib-size-small vu_ib-position-left vu_ib-style-circle\">\r\n\t\t\t\t<span class=\"vu_ib-icon\"><i class=\"fas fa-map-marked\"><\/i><\/span>\r\n\t\t\t\t<div class=\"vu_ib-content\">\r\n\t\t\t\t\t<h5 class=\"vu_ib-title\"><a href=\"#\" title=\"\" target=\"_self\">Amplia Red<\/a><\/h5>\t\t\t\t\t<div class=\"vu_ib-description\"><p>Amplia red de sucursales a su disposici\u00f3n.<\/p>\n<\/div>\t\t\t\t<\/div>\r\n\t\t\t<\/div>\r\n\t\t[\/vc_column][\/vc_row][vc_row type=&#8221;in_container&#8221; bg_parallax=&#8221;true&#8221; vu_parallax_image=&#8221;334&#8243; color_overlay=&#8221;rgba(255,255,255,0.75)&#8221; vu_equal_height_columns=&#8221;&#8221; row_id=&#8221;&#8221; el_class=&#8221;&#8221; css=&#8221;.vc_custom_1463575205402{padding-top: 50px !important;}&#8221;][vc_column vu_vertical_align=&#8221;middle&#8221; width=&#8221;1\/6&#8243;][\/vc_column][vc_column vu_vertical_align=&#8221;middle&#8221; width=&#8221;2\/3&#8243;]\t\t<div class=\"vu_carousel-container\">\r\n\t\t\t<div class=\"vu_carousel clearfix\" data-options=\"{&quot;singleItem&quot;:false,&quot;itemsScaleUp&quot;:false,&quot;addClassActive&quot;:true,&quot;navigationText&quot;:[&quot;&lt;i class=\\&quot;fa fa-angle-left\\&quot;&gt;&lt;\\\/i&gt;&quot;,&quot;&lt;i class=\\&quot;fa fa-angle-right\\&quot;&gt;&lt;\\\/i&gt;&quot;],&quot;autoHeight&quot;:true,&quot;items&quot;:1,&quot;itemsDesktop&quot;:[1199,1],&quot;itemsDesktopSmall&quot;:[980,1],&quot;itemsTablet&quot;:[768,1],&quot;itemsMobile&quot;:[479,1],&quot;slideSpeed&quot;:200,&quot;paginationSpeed&quot;:800,&quot;rewindSpeed&quot;:1000,&quot;autoPlay&quot;:5000,&quot;stopOnHover&quot;:true,&quot;navigation&quot;:false,&quot;rewindNav&quot;:true,&quot;scrollPerPage&quot;:true,&quot;pagination&quot;:true,&quot;paginationNumbers&quot;:true}\">\r\n\t\t\t\t\t\t<div class=\"vu_carousel-item\">\n\t\t\t[vc_column_text el_class=&#8221;m-b-20&#8243;]<\/p>\n<h4 class=\"m-t-0 m-b-15\" style=\"text-align: center;\">Proporcionamos una experiencia de transporte de alta calidad.<\/h4>\n<p style=\"text-align: center;\">Nuestros clientes son nuestra prioridad. Usamos tecnolog\u00eda inform\u00e1tica de vanguardia y todos nuestros veh\u00edculos est\u00e1n equipados con rastreo satelital para seguridad e informaci\u00f3n en tiempo real.<\/p>\n<p>[\/vc_column_text]\t\t<\/div>\n\t\t\t<div class=\"vu_carousel-item\">\n\t\t\t[vc_column_text el_class=&#8221;m-b-20&#8243;]<\/p>\n<h4 class=\"m-t-0 m-b-15\" style=\"text-align: center;\">Equipo Profesional<\/h4>\n<p style=\"text-align: center;\">Contar\u00e1s con la ayuda de nuestro equipo profesional el cual est\u00e1 en constante capacitaci\u00f3n para darte informaci\u00f3n actual y real, de modo que obtengas un muy buen servicio para el debido tramite de su mercanc\u00eda.<\/p>\n<p>[\/vc_column_text]\t\t<\/div>\n\t\t\t<div class=\"vu_carousel-item\">\n\t\t\t[vc_column_text el_class=&#8221;m-b-20&#8243;]<\/p>\n<h4 class=\"m-t-0 m-b-15\" style=\"text-align: center;\">Compromiso Inigualable<\/h4>\n<p style=\"text-align: center;\">En ADUANA SANTOS S.A. creemos que el tramite de sus mercanc\u00edas debe ser lo m\u00e1s libre y r\u00e1pido de problemas posible. Te ofrecemos total compromiso con un servicio inigualable.<\/p>\n<p>[\/vc_column_text]\t\t<\/div>\n\t\t\t\t<\/div>\r\n\t\t<\/div>\r\n\t[\/vc_column][vc_column vu_vertical_align=&#8221;middle&#8221; width=&#8221;1\/6&#8243;][\/vc_column][\/vc_row]<\/p>\n","protected":false},"excerpt":{"rendered":"<p>[vc_row type=&#8221;in_container&#8221; bg_parallax=&#8221;&#8221; color_overlay=&#8221;&#8221; vu_equal_height_columns=&#8221;&#8221; row_id=&#8221;&#8221; el_class=&#8221;&#8221;][vc_column vu_vertical_align=&#8221;middle&#8221; width=&#8221;1\/2&#8243;][\/vc_column][vc_column vu_vertical_align=&#8221;middle&#8221; width=&#8221;1\/2&#8243;][\/vc_column][\/vc_row][vc_row type=&#8221;in_container&#8221; bg_parallax=&#8221;&#8221; color_overlay=&#8221;&#8221; vu_equal_height_columns=&#8221;&#8221; row_id=&#8221;&#8221; el_class=&#8221;&#8221;][vc_column vu_vertical_align=&#8221;middle&#8221;][vc_column_text]Ofrecer a nuestros clientes soluciones log\u00edsticas r\u00e1pidas, eficaces y de manera permanente que le permitan el acceso a sus cargas en el menor tiempo posible. Poniendo a su disposici\u00f3n todas las herramientas que nuestra compa\u00f1\u00eda ofrece. Consolidarnos en [&hellip;]<\/p>\n","protected":false},"author":1,"featured_media":0,"parent":0,"menu_order":0,"comment_status":"closed","ping_status":"closed","template":"","meta":{"footnotes":""},"class_list":["post-113","page","type-page","status-publish","hentry"],"_links":{"self":[{"href":"https:\/\/aduanasantos.com\/index.php?rest_route=\/wp\/v2\/pages\/113","targetHints":{"allow":["GET"]}}],"collection":[{"href":"https:\/\/aduanasantos.com\/index.php?rest_route=\/wp\/v2\/pages"}],"about":[{"href":"https:\/\/aduanasantos.com\/index.php?rest_route=\/wp\/v2\/types\/page"}],"author":[{"embeddable":true,"href":"https:\/\/aduanasantos.com\/index.php?rest_route=\/wp\/v2\/users\/1"}],"replies":[{"embeddable":true,"href":"https:\/\/aduanasantos.com\/index.php?rest_route=%2Fwp%2Fv2%2Fcomments&post=113"}],"version-history":[{"count":13,"href":"https:\/\/aduanasantos.com\/index.php?rest_route=\/wp\/v2\/pages\/113\/revisions"}],"predecessor-version":[{"id":1271,"href":"https:\/\/aduanasantos.com\/index.php?rest_route=\/wp\/v2\/pages\/113\/revisions\/1271"}],"wp:attachment":[{"href":"https:\/\/aduanasantos.com\/index.php?rest_route=%2Fwp%2Fv2%2Fmedia&parent=113"}],"curies":[{"name":"wp","href":"https:\/\/api.w.org\/{rel}","templated":true}]}}